 number?
True
Suppose -92 + 462 = 5*p. Suppose -4*l = -3*l - 3*f - p, 3*l + 3*f = 258. Is l a prime number?
True
Let l = 26 - 21. Suppose -z + 3*h + h = -409, -3*h + 2045 = l*z. Is z prime?
True
Is (-88)/(-110) + 1337*3/5 composite?
True
Is 18/(-3) - -3 - -122 composite?
True
Let s be 2 + 3*10/3. Suppose 0 = -3*h + 5*i + 221, -s = 2*h - 3*i - 160. Is h prime?
False
Let s(m) = 20*m - 53. Is s(17) prime?
False
Suppose 0 = 3*y - 4 - 8. Suppose 4*l = -y*h + 192, -l - 2*l = 15. Is h composite?
False
Let g(n) = n**2 - 3*n + 4. Let q be g(4). Suppose i + i + q = 0. Is ((-9)/6 - 1)*i a composite number?
True
Suppose 6*p + 38 = 3*f + p, 0 = -5*f - p + 26. Let t be -1*f*1/(-3). Is 10 - (t - (1 + 2)) a prime number?
True
Let p(c) = 3*c**2 + 18*c + 35. Is p(16) composite?
False
Suppose 0 = -2*h - 2 + 10. Let t(u) = 8*u + 2. Let x be t(4). Suppose -x = -z + h. Is z composite?
True
Let z(o) = -41*o. Let g be z(5). Let f be 0 + -5 + 3 + -316. Let n = g - f. Is n a prime number?
True
Suppose 5*r = 6*r. Suppose r = -3*q + o + 883, -10 - 10 = 5*o. Is q a prime number?
True
Let q be ((-12)/7)/((-16)/504). Let b = q + -16. Is b a composite number?
True
Let l(m) = -332*m**3 - m**2. Is l(-1) a prime number?
True
Is (-1016)/6*(-9)/6 prime?
False
Let m(n) = -6*n - 37. Is m(-15) a composite number?
False
Let y(c) = c**2 + 11*c + 4. Let z be y(-11). Suppose -z*l = 3*w - 208, -3*l - 65 = -0*w - w. Suppose -4*s = -2*o - w - 452, -4*s - 4*o + 532 = 0. Is s prime?
True
Suppose 0 = -2*j + 3*j + 3. Is j - (-3 + 2 - 133) a prime number?
True
Let b(f) = 16*f - 5. Is b(8) composite?
True
Let d = -5 + 9. Suppose -d*u = 3*a - 296, -14 = -3*a - 2. Is u a prime number?
True
Let i be 1*(0/3)/(-1). Let u(l) = -l**2 + 9*l. Let k be u(9). Suppose 5*j - a - 18 = i, -12 = -k*j + j + 5*a. Is j a composite number?
False
Suppose 0 = r + p - 30 - 81, p - 429 = -4*r. Suppose -d - 4*s = 2*d - r, 1 = s. Is d composite?
True
Is (-12)/28 + 5750/7 a composite number?
False
Let k(t) be the third derivative of t**5/15 + t**4/6 - 5*t**3/6 - 4*t**2. Is k(6) composite?
False
Let p be (-32)/20 + (-2)/5. Is (-102)/p - (4 - 2) a composite number?
True
Suppose 7*o = 5*o + 2. Let u be (6/15)/(o/35). Let g = u - -21. Is g prime?
False
Suppose -2*i = 3*v - 911, 1566 = 4*i - 2*v - 264. Is i a composite number?
False
Let o = -8 - -11. Suppose -14 = -2*c - 4*v, o*c = -4*v + v + 18. Suppose -132 - 263 = -c*m. Is m prime?
True
Is (-228)/2*4/(-12) composite?
True
Let o(z) = -z - 7 - 13*z - 8*z**2 + 10*z**2 - z**3 + 10*z**2. Is o(10) a prime number?
True
Let t = 1216 - 787. Suppose v = t - 56. Is v a prime number?
True
Let w(s) = 13*s**2 - 10. Let o(x) = -4*x**2 + 3. Let j(h) = -7*o(h) - 2*w(h). Let g(l) = l**2 + l - 1. Let u be g(2). Is j(u) a prime number?
False
Let s(f) = -128*f + 8. Let q(z) = 43*z - 3. Let m(w) = 11*q(w) + 4*s(w). Is m(-1) a composite number?
True
Is -4 - 10/(-2) - -1002 a composite number?
True
Let w(u) = u**3 - u**2 - 7*u - 5. Let d(z) = z**3 - 7*z**2 + 5*z + 12. Let b be d(6). Is w(b) prime?
False
Is ((-2)/4)/((-2)/2972) composite?
False
Let t = 382 + -113. Is t a prime number?
True
Let d(r) = -r + 1954. Is d(0) composite?
True
Suppose 2*z + 2*p = 36, -5*z = -3*p - 0*p - 130. Is z a prime number?
True
Let m = 13 + -5. Suppose -2*v + m = 2*v. Let u(t) = 60*t + 1. Is u(v) prime?
False
Let s = 453 - 322. Is s a prime number?
True
Let g be (-48)/(-12)*(1 + 190). Suppose -3*f = f - g. Is f composite?
False
Let l = 303 + -203. Let n(m) = 64*m - 2. Let o be n(-1). Let d = l + o. Is d a composite number?
True
Suppose 4*t - 13*t + 1287 = 0. Is t prime?
False
Suppose 3*a + 2*u - 880 = -124, 4*u = -a + 242. Is a composite?
True
Suppose -4*d - d + 15 = 0. Let t(j) = -j + j**3 + d + 32 + 0*j. Is t(0) a composite number?
True
Let a(v) = -4*v - 13. Is a(-12) a prime number?
False
Let f be 2/9 + 1022/18. Let k = -3 + 5. Suppose -13 - f = -k*v. Is v composite?
True
Let p = 88 + -28. Suppose 0*k = -k + 4*z + 69, -k + p = 5*z. Is k a composite number?
True
Let a(r) = -r**3 - 3*r**2 + 2*r - 4. Let n be a(-4). Suppose -f - n*f = -1655. Is f a prime number?
True
Suppose -4*d + 96 = 4*m, 3*m = 5*d - 4*d - 4. Is d a composite number?
False
Suppose -3*a = a - 20. Suppose -3 - a = 2*y. Let o = 127 - y. Is o composite?
False
Let o(j) be the second derivative of -j**5/20 + 2*j**4/3 - j**3/2 + j**2/2 - 3*j. Is o(3) prime?
True
Suppose 12 = -4*c + c. Let p be 6/(-3)*6/c. Suppose -m - 3 = 0, -p*u = -0*u - 2*m - 759. Is u composite?
False
Suppose -3*h - 5*z = -220, -2*z - 3*z = 5*h - 350. Is h prime?
False
Suppose -596 = x - 2*x + 3*i, -4*x - 2*i + 2342 = 0. Suppose -4*v + 305 = 2*z - 277, -v - x = -2*z. Is z composite?
False
Suppose 3 = -3*x, -5*t + 0*x + 5*x = -4960. Is t prime?
True
Suppose -k + 5*w = -79 - 17, 2*w - 168 = -2*k. Let v = 145 - k. Is v a composite number?
False
Let v = 409 - -31. Let d(z) = z**3 - 12*z**2 - 12*z - 9. Let u be d(13). Suppose -v - 20 = -u*f. Is f prime?
False
Let d = 584 - -305. Is d a composite number?
True
Let y(p) = -94*p + 3. Is y(-5) a prime number?
False
Let x be (-78)/(-8) - 2/(-8). Let a(o) = o**3 - 10*o**2 + 9*o + 7. Is a(x) prime?
True
Let r = -15 - -50. Is r a prime number?
False
Let x(s) = -2*s**3 + 15*s**2 + 18*s + 8. Let m(d) = -5*d**3 + 45*d**2 + 53*d + 25. Let b(h) = 3*m(h) - 8*x(h). Is b(-10) prime?
False
Let f be (40/(-16))/(2/(-4)). Suppose f*r - 1935 = -410. Is r composite?
True
Suppose 0 = 3*v - 3*b + 2*b - 343, 0 = -4*v - 4*b + 436. Is v a composite number?
False
Is (-111)/(-2)*(4 + (-48)/18) a composite number?
True
Let f(u) = 959*u**2 + u - 1. Is f(1) a prime number?
False
Suppose -5*i = -4*i + 8. Let q be 7/(-28) + 1622/i. Let h = -144 - q. Is h a prime number?
True
Let n = -196 + 347. Let j = -98 + n. Is j prime?
True
Let r(u) = 3*u**3 - u**2 + 3*u + 1. Is r(6) a prime number?
True
Let d = 61 + 8. Is d a prime number?
False
Let c = -283 + 1290. Is c a composite number?
True
Suppose -5*k = 7 + 63. Let n = 25 + k. Suppose -n - 11 = -3*h - b, -14 = -h - 2*b. Is h composite?
True
Suppose a = 2*a - 5, 0 = -t - a + 143. Suppose 5*x + b = 389, 2*x - 3*b - t = b. Is x composite?
True
Let d(n) = 3*n**2 - 5*n + 3. Let s be d(3). Suppose -c + s = 3*a, -c + 5*a = 2*a + 9. Suppose -c*y = -0*y - 111. Is y prime?
True
Suppose -3 = b - 6. Suppose 0 = b*o - 2*o - 1. Is 77/2*(3 - o) a composite number?
True
Is (-1265)/(-3) + 16/48 prime?
False
Let l = -152 - -237. Is l a prime number?
False
Suppose -3*h = h - 12. Let v = h - 1. Suppose -11 = -z + v. Is z a composite number?
False
Suppose 2*w + 8 = 6*w, 5*w = n + 9. Let m(q) = n - 4*q**3 + 4*q**2 - 3*q**2 + 2*q**3 - 3*q**2. Is m(-3) composite?
False
Is (18/(-27))/(6/(-11241)) a composite number?
False
Let w(t) = -100*t - 11. Is w(-7) a prime number?
False
Suppose 3*h - 5*p = -11, -3*h + 0*h + 4*p = 7. Suppose -i + 79 - 24 = 0. Is h + -3 + -2 + i a prime number?
True
Let b be 1/(3 + -4) + -5. Let w(r) = r**3 + 8*r**2 + 9*r + 1. Is w(b) a composite number?
False
Suppose 62 = 3*k - 28. Let c(w) = -w**3 + 6*w**2 + 3*w + 7. Let j be c(6). Let a = k + j. Is a prime?
False
Is 598/14 + (-14)/(-49) composite?
False
Suppose 2*g - 4*b = 20, 19 = 5*g + 3*b - 5. Suppose -g*u = -3*u - 51. Let k = 30 - u. Is k a prime number?
True
Is -23*1*(-6 + (1 - -4)) a composite number?
False
Suppose -3*y - 3*w - 27 = 0, -5*y + 4*w + 9 = 63. Let l = y + 17. Is l a composite number?
False
Suppose 0*y + 1812 = 4*y. Is y a prime number?
False
Suppose 0 = -0*i - 3*i + 1329. Is i composite?
False
Suppose 4 = -5*k + 3*b, 2*b + 0 = 6. Let g = -1 - k. Is 8 + (-2)/(-4)*g a prime number?
True
Suppose -3*i + 385 - 19 = 2*t, 5*i - 3*t = 610. Is 30/10*i/3 a composite number?
True
Let f = -48 + 58. Is f a prime number?
False
Let j(h) = -1 - h - 3 - 19*h + 3. Let y be j(-4). Suppose 0*d + y = d. Is d prime?
True
Suppose t + 2*p = 0, -29 + 5 = -4*t + 4*p. Let w = t - -15. Is w a prime number?
True
Let k = 18 - -9. Let c = 40 - k. Suppose -c = -3*t + 62. Is t a composite number?
True
Let i(f) = -f**3 - 18*f**2 - 19*f + 19. Is i(-17) a composite number?
False
Suppose 4*f + 3*l = l + 2290, 0 = -5*f + 4*l + 2843. Is f composite?
False
Suppose n + 0*n + f = 386, -5*n + 3*f = -1890. Is n a prime number?
False
Let j = -9 - -15. Suppose -n - j = -4*n. Suppose -n*v - 18 = -96. Is